
{"id":791,"date":"2021-03-17T10:21:33","date_gmt":"2021-03-17T10:21:33","guid":{"rendered":"http:\/\/www.hauslinn.com\/?page_id=791"},"modified":"2023-01-12T15:30:10","modified_gmt":"2023-01-12T15:30:10","slug":"extra-kamer","status":"publish","type":"page","link":"https:\/\/www.hauslinn.com\/?page_id=791","title":{"rendered":"Appartement 1"},"content":{"rendered":"\n<figure class=\"wp-block-image size-full\"><a href=\"http:\/\/www.hauslinn.com\/wp-content\/uploads\/2022\/11\/App-1.jpg\"><img decoding=\"async\" loading=\"lazy\" width=\"419\" height=\"302\" src=\"http:\/\/www.hauslinn.com\/wp-content\/uploads\/2022\/11\/App-1.jpg\" alt=\"\" class=\"wp-image-1100\" srcset=\"https:\/\/www.hauslinn.com\/wp-content\/uploads\/2022\/11\/App-1.jpg 419w, https:\/\/www.hauslinn.com\/wp-content\/uploads\/2022\/11\/App-1-300x216.jpg 300w, https:\/\/www.hauslinn.com\/wp-content\/uploads\/2022\/11\/App-1-225x162.jpg 225w\" sizes=\"(max-width: 419px) 100vw, 419px\" \/><\/a><figcaption class=\"wp-element-caption\">35 m2, gro\u00dfes Balkon (Ost-S\u00fcd)<br>ideal f\u00fcr 2 Personen<\/figcaption><\/figure>\n\n\n\n<div class=\"is-layout-flex wp-container-2 wp-block-columns\">\n<div class=\"is-layout-flow wp-block-column\" style=\"flex-basis:100%\">\n<figure class=\"wp-block-image size-medium\"><a href=\"http:\/\/www.hauslinn.com\/wp-content\/uploads\/2022\/11\/20211231_105928-scaled.jpg\"><img decoding=\"async\" loading=\"lazy\" width=\"300\" height=\"169\" src=\"http:\/\/www.hauslinn.com\/wp-content\/uploads\/2022\/11\/20211231_105928-300x169.jpg\" alt=\"\" class=\"wp-image-1121\" srcset=\"https:\/\/www.hauslinn.com\/wp-content\/uploads\/2022\/11\/20211231_105928-300x169.jpg 300w, https:\/\/www.hauslinn.com\/wp-content\/uploads\/2022\/11\/20211231_105928-1024x576.jpg 1024w, https:\/\/www.hauslinn.com\/wp-content\/uploads\/2022\/11\/20211231_105928-768x432.jpg 768w, https:\/\/www.hauslinn.com\/wp-content\/uploads\/2022\/11\/20211231_105928-1536x864.jpg 1536w, https:\/\/www.hauslinn.com\/wp-content\/uploads\/2022\/11\/20211231_105928-2048x1152.jpg 2048w, https:\/\/www.hauslinn.com\/wp-content\/uploads\/2022\/11\/20211231_105928-262x147.jpg 262w\" sizes=\"(max-width: 300px) 100vw, 300px\" \/><\/a><\/figure>\n<\/div>\n<\/div>\n\n\n\n<figure class=\"wp-block-image size-medium\"><a href=\"http:\/\/www.hauslinn.com\/wp-content\/uploads\/2022\/11\/20220101_153824-1-scaled.jpg\"><img decoding=\"async\" loading=\"lazy\" width=\"300\" height=\"169\" src=\"http:\/\/www.hauslinn.com\/wp-content\/uploads\/2022\/11\/20220101_153824-1-300x169.jpg\" alt=\"\" class=\"wp-image-1094\" srcset=\"https:\/\/www.hauslinn.com\/wp-content\/uploads\/2022\/11\/20220101_153824-1-300x169.jpg 300w, https:\/\/www.hauslinn.com\/wp-content\/uploads\/2022\/11\/20220101_153824-1-1024x576.jpg 1024w, https:\/\/www.hauslinn.com\/wp-content\/uploads\/2022\/11\/20220101_153824-1-768x432.jpg 768w, https:\/\/www.hauslinn.com\/wp-content\/uploads\/2022\/11\/20220101_153824-1-1536x864.jpg 1536w, https:\/\/www.hauslinn.com\/wp-content\/uploads\/2022\/11\/20220101_153824-1-2048x1152.jpg 2048w, https:\/\/www.hauslinn.com\/wp-content\/uploads\/2022\/11\/20220101_153824-1-262x147.jpg 262w\" sizes=\"(max-width: 300px) 100vw, 300px\" \/><\/a><\/figure>\n\n\n\n<p><strong>K\u00fcche<\/strong><br>Geschirrsp\u00fcler, zwei Induktionskochfelder<br>Mikrowelle, K\u00fchlschrank mit Gefrierfach<br>Kaffeemaschine (Filter), Wasserkocher<br>Toaster, Geschirr, Geschirrt\u00fccher<br>Smart-HD-TV, Essecke<\/p>\n\n\n\n<figure class=\"wp-block-image size-medium\"><a href=\"http:\/\/www.hauslinn.com\/wp-content\/uploads\/2022\/11\/20211231_183634-1-scaled.jpg\"><img decoding=\"async\" loading=\"lazy\" width=\"300\" height=\"169\" src=\"http:\/\/www.hauslinn.com\/wp-content\/uploads\/2022\/11\/20211231_183634-1-300x169.jpg\" alt=\"\" class=\"wp-image-1092\" srcset=\"https:\/\/www.hauslinn.com\/wp-content\/uploads\/2022\/11\/20211231_183634-1-300x169.jpg 300w, https:\/\/www.hauslinn.com\/wp-content\/uploads\/2022\/11\/20211231_183634-1-1024x576.jpg 1024w, https:\/\/www.hauslinn.com\/wp-content\/uploads\/2022\/11\/20211231_183634-1-768x432.jpg 768w, https:\/\/www.hauslinn.com\/wp-content\/uploads\/2022\/11\/20211231_183634-1-1536x864.jpg 1536w, https:\/\/www.hauslinn.com\/wp-content\/uploads\/2022\/11\/20211231_183634-1-2048x1152.jpg 2048w, https:\/\/www.hauslinn.com\/wp-content\/uploads\/2022\/11\/20211231_183634-1-262x147.jpg 262w\" sizes=\"(max-width: 300px) 100vw, 300px\" \/><\/a><figcaption class=\"wp-element-caption\">Ein Schlafzimmer mit Doppelbett (1,80&#215;2,00)<\/figcaption><\/figure>\n\n\n\n<figure class=\"wp-block-image size-medium\"><a href=\"http:\/\/www.hauslinn.com\/wp-content\/uploads\/2022\/11\/20220101_153457-1-scaled.jpg\"><img decoding=\"async\" loading=\"lazy\" width=\"169\" height=\"300\" src=\"http:\/\/www.hauslinn.com\/wp-content\/uploads\/2022\/11\/20220101_153457-1-169x300.jpg\" alt=\"\" class=\"wp-image-1093\" srcset=\"https:\/\/www.hauslinn.com\/wp-content\/uploads\/2022\/11\/20220101_153457-1-169x300.jpg 169w, https:\/\/www.hauslinn.com\/wp-content\/uploads\/2022\/11\/20220101_153457-1-576x1024.jpg 576w, https:\/\/www.hauslinn.com\/wp-content\/uploads\/2022\/11\/20220101_153457-1-768x1365.jpg 768w, https:\/\/www.hauslinn.com\/wp-content\/uploads\/2022\/11\/20220101_153457-1-864x1536.jpg 864w, https:\/\/www.hauslinn.com\/wp-content\/uploads\/2022\/11\/20220101_153457-1-1152x2048.jpg 1152w, https:\/\/www.hauslinn.com\/wp-content\/uploads\/2022\/11\/20220101_153457-1-91x162.jpg 91w, https:\/\/www.hauslinn.com\/wp-content\/uploads\/2022\/11\/20220101_153457-1-scaled.jpg 1440w\" sizes=\"(max-width: 169px) 100vw, 169px\" \/><\/a><figcaption class=\"wp-element-caption\">Badezimmer mit Dusche, WC und Waschtisch<\/figcaption><\/figure>\n\n\n\n<p><strong>Allgemein:<\/strong><br>kostenloses Internet (Wireless LAN)<br>nicht-Raucher Appartement<br>Haustieren sind nicht erlaub<\/p>\n","protected":false},"excerpt":{"rendered":"<p>K\u00fccheGeschirrsp\u00fcler, zwei InduktionskochfelderMikrowelle, K\u00fchlschrank mit GefrierfachKaffeemaschine (Filter), WasserkocherToaster, Geschirr, Geschirrt\u00fccherSmart-HD-TV, Essecke Allgemein:kostenloses Internet (Wireless LAN)nicht-Raucher AppartementHaustieren sind nicht erlaub<\/p>\n","protected":false},"author":1,"featured_media":0,"parent":20,"menu_order":0,"comment_status":"closed","ping_status":"closed","template":"","meta":{"_mi_skip_tracking":false},"_links":{"self":[{"href":"https:\/\/www.hauslinn.com\/index.php?rest_route=\/wp\/v2\/pages\/791"}],"collection":[{"href":"https:\/\/www.hauslinn.com\/index.php?rest_route=\/wp\/v2\/pages"}],"about":[{"href":"https:\/\/www.hauslinn.com\/index.php?rest_route=\/wp\/v2\/types\/page"}],"author":[{"embeddable":true,"href":"https:\/\/www.hauslinn.com\/index.php?rest_route=\/wp\/v2\/users\/1"}],"replies":[{"embeddable":true,"href":"https:\/\/www.hauslinn.com\/index.php?rest_route=%2Fwp%2Fv2%2Fcomments&post=791"}],"version-history":[{"count":50,"href":"https:\/\/www.hauslinn.com\/index.php?rest_route=\/wp\/v2\/pages\/791\/revisions"}],"predecessor-version":[{"id":1209,"href":"https:\/\/www.hauslinn.com\/index.php?rest_route=\/wp\/v2\/pages\/791\/revisions\/1209"}],"up":[{"embeddable":true,"href":"https:\/\/www.hauslinn.com\/index.php?rest_route=\/wp\/v2\/pages\/20"}],"wp:attachment":[{"href":"https:\/\/www.hauslinn.com\/index.php?rest_route=%2Fwp%2Fv2%2Fmedia&parent=791"}],"curies":[{"name":"wp","href":"https:\/\/api.w.org\/{rel}","templated":true}]}}