
{"id":148,"date":"2012-09-02T09:20:11","date_gmt":"2012-09-02T09:20:11","guid":{"rendered":"http:\/\/www.hauslinn.com\/?page_id=148"},"modified":"2024-06-06T18:45:01","modified_gmt":"2024-06-06T18:45:01","slug":"extra-faciliteiten","status":"publish","type":"page","link":"https:\/\/www.hauslinn.com\/?page_id=148","title":{"rendered":"Weitere Dienste"},"content":{"rendered":"\n<p><strong>Br\u00f6tchenservice<br><\/strong>Sie k\u00f6nnen jeden Tag bis sp\u00e4testens 17.00 frische Br\u00f6tchen bestellen.<\/p>\n\n\n\n<p><strong>Fr\u00fchst\u00fccksservice<br><\/strong>F\u00fcr \u20ac 10,00 pro Person\u00a0und Tag k\u00f6nnen Sie ein komplettes Fr\u00fchst\u00fcck bestellen. Das Fr\u00fchst\u00fcck\u00a0bringen wir morgens nach W\u00fcnsch zwischen 08.00 &#8211; 09.30 Uhr in Ihr Appartement.<\/p>\n\n\n\n<p><strong>Gratis eislaufen im Winter<br><\/strong>Mit Ihrer G\u00e4stekarte k\u00f6nnen Sie gratis eislaufen am Kunsteisbahn Ehrwald. Aber immer die G\u00e4stekarte mitbringen, sonnst ist den Eintritt f\u00e4llig.<\/p>\n\n\n\n<p><strong>Skischuhw\u00e4rmer<br><\/strong>Kalte Skischuhe gibt es nimmer!<\/p>\n\n\n\n<p><strong>Skiraum<br><\/strong>Sie k\u00f6nnen Ihre Skier oder Snowboard usw. in unserem verschlie\u00dfbaren Skiraum abstellen.<\/p>\n\n\n\n<p><strong>Kinderbetten und Hochst\u00fchle<br><\/strong>F\u00fcr die Kleinsten stellen wir gerne gratis Kinderbetten (inklusive Matratze und Bettw\u00e4sche) und Hochst\u00fchle zur Verf\u00fcgung. Bitte reservieren Sie das Bett oder den Hochstuhl rechtzeitig, weil unser Bestand ist beschr\u00e4nkt.<\/p>\n\n\n\n<p><strong>Minibar<br><\/strong>Sie finden im Eingangsbereich einen K\u00fchlschrank mit verschiedenen Getr\u00e4nke. Gegen Zahlung k\u00f6nnen Sie die Getr\u00e4nke gerne nutzen.<\/p>\n","protected":false},"excerpt":{"rendered":"<p>Br\u00f6tchenserviceSie k\u00f6nnen jeden Tag bis sp\u00e4testens 17.00 frische Br\u00f6tchen bestellen. Fr\u00fchst\u00fccksserviceF\u00fcr \u20ac 10,00 pro Person\u00a0und Tag k\u00f6nnen Sie ein komplettes<\/p>\n<div class=\"read-button read_more_btn_text\"><a class=\"read_more\" href=\"https:\/\/www.hauslinn.com\/?page_id=148\">Read Now<span class=\"arrow_readm\"> &#x25BA;<\/span><\/a><\/div>\n","protected":false},"author":1,"featured_media":0,"parent":0,"menu_order":0,"comment_status":"closed","ping_status":"closed","template":"","meta":{"_mi_skip_tracking":false},"_links":{"self":[{"href":"https:\/\/www.hauslinn.com\/index.php?rest_route=\/wp\/v2\/pages\/148"}],"collection":[{"href":"https:\/\/www.hauslinn.com\/index.php?rest_route=\/wp\/v2\/pages"}],"about":[{"href":"https:\/\/www.hauslinn.com\/index.php?rest_route=\/wp\/v2\/types\/page"}],"author":[{"embeddable":true,"href":"https:\/\/www.hauslinn.com\/index.php?rest_route=\/wp\/v2\/users\/1"}],"replies":[{"embeddable":true,"href":"https:\/\/www.hauslinn.com\/index.php?rest_route=%2Fwp%2Fv2%2Fcomments&post=148"}],"version-history":[{"count":38,"href":"https:\/\/www.hauslinn.com\/index.php?rest_route=\/wp\/v2\/pages\/148\/revisions"}],"predecessor-version":[{"id":1271,"href":"https:\/\/www.hauslinn.com\/index.php?rest_route=\/wp\/v2\/pages\/148\/revisions\/1271"}],"wp:attachment":[{"href":"https:\/\/www.hauslinn.com\/index.php?rest_route=%2Fwp%2Fv2%2Fmedia&parent=148"}],"curies":[{"name":"wp","href":"https:\/\/api.w.org\/{rel}","templated":true}]}}